/3 - z**3/2 - 14*z**2. Is m(-1) composite?
False
Let g = 7998 - 2399. Is g a composite number?
True
Suppose -3*u + 713 = -2965. Is u a composite number?
True
Suppose 0 = -8*q + 20868 + 26324. Is q prime?
False
Is 105/15 + 2649 + -3 a composite number?
True
Suppose 14*j - 11*j = -21*j. Let x = -753 - -2205. Suppose 5*q - 1813 - x = j. Is q prime?
True
Let i be 2 + 0 - (-2 + 6). Let d be 9*(8/(-12) - i). Suppose -154 = -4*p - 2*c, d = 4*c - 0. Is p a composite number?
False
Suppose -8*c - 159709 = -19*c. Is c a prime number?
True
Let m = 534 - 81. Suppose -2*s = -m + 71. Suppose 6*z = z - a + 898, -4*a = z - s. Is z a prime number?
True
Let k(o) = 6*o**3 + o**2 + o + 3. Is k(10) a composite number?
False
Suppose -2*p = -4*p + 2*f + 304, 4*p + 2*f = 590. Is p a prime number?
True
Suppose -5 = 5*g - 6*g. Suppose -2*a + 62 = g*c, -3*c + 2*a + 38 = 3*a. Is c composite?
True
Suppose 86 = -5*h - 4. Let n(r) = 4*r**2 + 45*r - 17. Is n(h) prime?
False
Suppose -4*c - 8 = 0, 5*v + c - 3 = 20. Suppose 2*g + 3*r - 252 = -r, -v*g + 640 = 5*r. Let l = g - 39. Is l prime?
False
Suppose 4*j - 5*u = -17307, j + 4*u - 8658 = 3*j. Let q = 306 - j. Is q composite?
True
Let v = -117 - -121. Let b(f) = 409*f**2 - 2*f - 1. Let r be b(-1). Suppose 0 = -6*u + v*u + r. Is u a composite number?
True
Let u(x) = -470*x**2 + x - 9. Let h be u(3). Is (4/6)/((-8)/h) composite?
False
Let v(l) = 60*l**3 - 2*l**2 + 2*l - 1. Suppose 4*c - 6 = -c - 4*d, 0 = -2*c - d + 3. Suppose -b = -p + 2*p - 1, -p = -c*b - 1. Is v(p) composite?
False
Suppose 189481 = 31*y - 43236. Is y a prime number?
True
Let r = -291 + 2347. Suppose p = 5*p - r. Is p prime?
False
Is ((-18)/24)/((-6)/81064) a composite number?
False
Is 1010 + (-4)/(-2)*-2 prime?
False
Let q be (1517/74)/((-1)/(-6)). Is q - 0 - 4/(-8)*8 composite?
False
Suppose -94 = -2*d - 3*j, 4*j = 2*d + 3*d - 258. Suppose -s + 378 = 3*m, -d = -m + 5*s + 92. Is m a composite number?
False
Let j be -2 + (36/3)/3. Suppose j*l - n - 1334 = 0, -3*l - 5*n + 495 = -1480. Let g = l - 456. Is g a composite number?
True
Let r(o) = 7 - 4 + 4 + 17*o. Let n be r(11). Suppose -x + n = x. Is x a composite number?
False
Let n(z) = 9*z**2 + 5 - 6*z - 3*z - 10*z**2 + 2*z. Let y be n(-7). Is (-1)/y - 2180/(-25) composite?
True
Let m(w) = 39*w**2 + 23*w + 123. Is m(-10) a prime number?
True
Let j(c) = 76*c**3 - 14*c**2 + 25*c - 44. Is j(9) a composite number?
True
Suppose -2*c + 3*m - 2*m = -20, c = -2*m + 5. Let b(l) = -l**3 + 21*l**2 + 12*l - 11. Is b(c) prime?
True
Is (46/(-6))/(939498/104391 - 9) composite?
True
Suppose 2*h = -x, -9 = 4*x - 1. Is 206 + 7 + (-2)/h prime?
True
Let r be 1*-2*(-2)/(-4). Let l be 3 - (0 + 1)/r. Suppose -h - 812 = -3*s + s, -s + 415 = l*h. Is s prime?
False
Let n = 21809 + 6022. Is n a composite number?
True
Suppose -4*v + 620 = v. Let k = 196 - v. Suppose -604 = -4*m - k. Is m a prime number?
False
Suppose -2*n + 31 + 11 = -4*y, 0 = 4*y - 4*n + 40. Let a = y + 90. Is a prime?
True
Let v(j) = j**2 + 6*j - 22. Let l be 2/(-8) - 134/8. Let u = 2 + l. Is v(u) composite?
False
Let z(l) = 3*l**3 + 5*l**2 - 3*l - 3. Let v be z(4). Let p = -45 + 415. Let a = p - v. Is a prime?
True
Let y = 3 + 0. Let h(r) = 4*r - 28. Let b be h(8). Suppose y*k = -b*k + 1113. Is k prime?
False
Suppose b + 7 = 3*v, v - 3*b + 4*b = 1. Suppose -v*j - 3*j = -150. Let o = 101 + j. Is o a prime number?
True
Let c = -6701 - -9424. Is c prime?
False
Suppose 0 = -604*n + 599*n + 132955. Is n prime?
True
Suppose 437954 = 52*o - 18*o. Is o composite?
True
Let x(o) = 63*o**2 + 8*o + 14. Let k be x(-4). Let p = k - -179. Is p prime?
False
Let z = -4 + 7. Let k(j) = 2 - 2*j + 2*j + z*j + 5*j + 3*j**2. Is k(7) a composite number?
True
Suppose h - 4*h + 5*r + 155 = 0, -5*h + 5*r = -275. Suppose 0 = 5*q - h - 135. Let v = -8 + q. Is v prime?
True
Let v = 3153 - -2638. Is v a composite number?
False
Let o(s) = -5*s**3 - s**2 + 2*s + 2. Let i be o(-1). Let m(y) = 53*y**3 - 3*y**2 + 9*y - 11. Is m(i) a prime number?
False
Let w(c) = -9*c**3 + 3*c**2 + 4*c + 4. Let d be w(-3). Let n = d - 118. Suppose 0 = a - 11 - n. Is a a composite number?
True
Let t = 80 + -47. Let g be (-12)/(t/12 - 2). Let a = g - -19. Is a a prime number?
True
Suppose 0 = p + 2*r - 15, -3*r - 25 = -4*p - 4*r. Let j(h) = 13*h**3 - 11*h**2 + 4*h - 1. Is j(p) composite?
True
Let l be 1/1 + (-3886 - -2). Let j be (-2)/8 - ((-119)/28 + -2). Is (l/(-33))/(2/j) composite?
False
Let n(k) be the second derivative of 11*k**4/12 - 5*k**3/6 + 15*k**2/2 - 43*k. Is n(11) a composite number?
False
Suppose -4*a + 76 = -160. Suppose -6*c = a - 1265. Is c*(0 - 1)/(-3) prime?
True
Let k(j) = -207*j + 16277. Is k(0) composite?
True
Is (1 - -2) + -6 + 7972 a composite number?
True
Let v(s) = -9*s - 10. Let x be (60/(-70))/(2/14). Let k be v(x). Suppose -2*c = -6*c + k. Is c a composite number?
False
Let q(k) = -171*k + 2 - 203*k + 10 - 175*k. Let o be q(-7). Suppose n + o = 6*n. Is n prime?
False
Suppose 0 = 3*q - 5*a - 1555, 2*a + 0*a + 518 = q. Suppose 2*f = 154 + q. Is f composite?
False
Suppose 0 = 2*g - 10*g + 16. Suppose 5*o - h = -g*h - 80422, 2*o - 5*h = -32158. Is (-4)/(-18) - o/36 composite?
True
Suppose -4*o + 2273 = 333. Is o a prime number?
False
Suppose -5*f = 16 - 6, -3*r = -4*f - 13127. Is r composite?
False
Suppose -4*d - d = -10. Suppose 5*y = -3*u + 949, d*y + 2*u = 3*u + 384. Is y composite?
False
Let v(h) = 3*h - 5*h + 13*h + 21 - 2*h**2 - 7*h**3. Is v(-5) a prime number?
False
Let w be 2/(-4)*-3*2. Let z(a) = -a**3 + 2*a**2 + 4*a - 1. Let r be z(w). Suppose 5*g = -3*b + 1144, -r*b - 1482 = -6*b + 2*g. Is b prime?
True
Let c = 7411 + -4002. Is c a composite number?
True
Suppose -3*q + 7*q = 4*m - 20, 23 = 4*m - 5*q. Let i be m/(-5) - 390/25. Is 18264/i*(-2)/3 a prime number?
True
Let r = 472 - -285. Is r a prime number?
True
Let c(w) = -2*w + 10. Let n be c(5). Suppose n = 14*u - 8*u - 12774. Is u composite?
False
Let b(k) = 2310*k + 23. Is b(1) a composite number?
False
Let i(o) = o**3 + 2*o**2 - 2*o + 1. Let c be i(1). Suppose -a - a + 1560 = 0. Suppose -2*b - c*m = -a, -2*b + 11*m = 6*m - 787. Is b a prime number?
False
Suppose -3*q = 2*q + 4*g + 3156, -634 = q - 2*g. Let h = q + 1263. Is h a prime number?
True
Let o(a) = -a**2 + 11*a + 15. Let s be o(12). Suppose -2*v = s*f - 2, f - 19 = 5*v - 7. Suppose -i - 2*i = -f*r - 67, 0 = 4*i + 2*r - 94. Is i a prime number?
True
Is (-26 + 27)*-1*5923*-1 prime?
True
Suppose -18489 = 17*k - 20*k. Is k prime?
True
Let d(a) = 2*a - 19 - 4*a - 2*a - 16. Let k be d(-14). Is 5265/k + (-12)/(-42) a composite number?
False
Let q(b) = -3*b**2 - 27*b - 12. Let z be q(-18). Let n = 1237 + z. Is n composite?
False
Suppose 0 = 2*k + 4*t - 5736, 3*k - 8634 = 4*t - 0*t. Suppose 0 = -8*j + k + 2350. Is j composite?
False
Is 0 - -6126 - (-72 + 79) a composite number?
True
Suppose 0 = 17*t - 220343 - 157550. Is t composite?
False
Suppose 5*k - 110230 + 9425 = 0. Is k a composite number?
False
Let i(t) = t**3 - 11*t**2 + 12*t - 10. Let f be i(10). Suppose -1037 = 9*o - f*o. Is o a prime number?
False
Suppose -3*k = -4*m + 9209, -6905 = -3*m + 6*k - 2*k. Suppose 3*q = -o + 2310, -o - 2*q + m = -6*q. Is o prime?
False
Let n = -5 + 6. Let o = n + 0. Is (-11 + 625)/(o + 1) prime?
True
Suppose -4*h = -m - 3429 + 46414, -4*h + 172020 = 4*m. Is m composite?
True
Suppose 6*u - 1748 - 1138 = 0. Is u composite?
True
Suppose 4*m + 3180 = 23456. Is m composite?
True
Let g(w) = -w**2 - 7*w + 12. Let y be g(-8). Suppose -5*u = -0*m + 2*m + y, -3*m + 4*u = -17. Suppose 0 = -2*q + 4*q + 10, 191 = m*i + 2*q. Is i a prime number?
True
Suppose 4*f + 4*s + 12836 = 0, -2*f + 3723 = 4*s + 10131. Let q be 2/11 - f/(-11). Let i = -41 - q. Is i a prime number?
True
Let m be (-12)/(-4) - (1 - 0). Suppose -129 = m*d + d + 3*q, -5*q - 23 = d. Let k = 67 + d. Is k a prime number?
True
Is -8 + 1 + 467634/59 composite?
False
Suppose 8*s - 3009 = -3*q + 5*s, -4*q + 2*s + 3982 = 0. Let x = q + -365. Is x prime?
False
Is (1046505/(-3))/(10 - 15) a prime number?
True
Let z = 1720 - 997. Let q be (z/9 + -1)*3. Suppose 0*x = 2*x - q. Is x prime?
False
Let t(c) = 146*c**2 - 6*c - 327. Is t(19) a prime number?
False
Suppose 0 = t + 3*t + 3*x + 13, -4*x = -3*t - 16. Is (-4666)/t*(19 - 17) composite?
False
Supp